en l is divided by 69?
29
Let o be 5/(-30) - 3/(72/(-24076)). Let q = -976 + o. Calculate the remainder when 277 is divided by q.
7
Let m(z) = -275*z**3 + 5*z**2 - 7*z - 24. What is the remainder when m(-2) is divided by 11?
10
Let v(a) = a**2 - 6*a - 6. Let m(n) = -3*n**2 - 39*n - 25. Let l be m(-12). Calculate the remainder when (l/5 - 7/35) + 144 is divided by v(9).
20
Let r(p) = 7*p - 138. Suppose -218 + 168 = -2*d. Suppose -4*k = 3*j - 2*j - 48, 2*k + 2*j = 18. What is the remainder when r(d) is divided by k?
11
Suppose -8*c + 11*c = 465. Let l = c + -123. Let m = 108 + l. What is the remainder when m is divided by 13?
10
Let x be 46*(13 + -16)*2/(-6). Suppose -x*u + 40*u + 240 = 0. What is the remainder when u is divided by 11?
7
Let l(y) = -10*y**2 + 10*y + 3. Let r be l(-5). Let w = 316 + r. What is the remainder when 69 is divided by w?
12
Let q = -460 + 494. Let z(f) = f**3 + 54*f**2 - 58*f - 65. What is the remainder when z(-55) is divided by q?
32
Let a be ((-1)/1 - 41)*-1. Suppose -a + 7 = -4*o - 3*s, 8 = o + s. Let h = -19123 + 19142. Calculate the remainder when h is divided by o.
8
Suppose -12*m + 5*m = 0. Let f = 201 + m. What is the remainder when f is divided by 17?
14
Let g(p) = 2*p**3 - 31*p**2 - 14*p - 23. Suppose 5*v + 2*x = 70, 3*v - 68 = -0*v + 4*x. Suppose -1 + 0 = -s. Calculate the remainder when g(v) is divided by s.
0
Let a(w) = w**3 + 9*w**2 + 4*w - 2. Let g be a(-7). Let z = 110 - g. Suppose v = 5*d - 68, 5*d - v = 2*d + z. Calculate the remainder when d is divided by 8.
5
Suppose -2*a = -373 - 283. What is the remainder when (a/3)/(6/9) is divided by 14?
10
Suppose 7*q - 211 - 13 = 0. What is the remainder when 29*16 - 2660/140 is divided by q?
29
Suppose -4*i + w - 507 = 2*w, 3*w - 271 = 2*i. Let g be 3 + -3 - 4 - i. Let a = g + -73. Calculate the remainder when a is divided by 18.
15
Let r(q) = -251*q + 795. Calculate the remainder when 1800 is divided by r(3).
36
Suppose 31009 = 5*f + r, 4*f - 9623 = -3*r + 15182. Calculate the remainder when f is divided by 1239.
7
Let a be 5*1/2*736/115. Let k be (-26)/(-4)*(-4)/1. Let i = a - k. Calculate the remainder when i is divided by 16.
10
Let s(r) = -r**3 + 11*r**2 + 3. Let u = 21 - 10. Suppose l + 2*v = -7, -4*l - v = 4*v + 16. What is the remainder when s(u) is divided by l?
0
Let y be (-2 + 1)/((-22)/7 + 3). Suppose y*b - 613 = -32. Let u = 89 - b. Calculate the remainder when 11 is divided by u.
5
Let h be 2/4 + (-375)/(-30). Suppose h*u = 9*u + 40. What is the remainder when 23 is divided by u?
3
Let j = 40 + -21. Suppose -2*y - h + 9 = 0, 15*h - j*h = -y + 27. What is the remainder when 51 is divided by y?
2
Let q = -198 - -305. Let p = -206 + 209. Suppose 4*h = -p*a + 103, 9*a + 13 = h + 14*a. Calculate the remainder when q is divided by h.
23
Suppose -2*k - 148 = 2*k. Let d(a) = -a**2 - 14*a - 29. Let h be d(-14). Let i = h - k. What is the remainder when 28 is divided by i?
4
Suppose 8*k = 4*k + 108. Let q(v) be the second derivative of v**4/12 - 7*v**3/6 - v**2/2 - 14*v. What is the remainder when k is divided by q(8)?
6
Let u(g) = 1390*g**2 + 164*g - 163. Calculate the remainder when u(1) is divided by 199.
197
Suppose 3*r + 5*i + 58 = 0, -2*r + 38 = -5*r + 5*i. Let y(t) = t**3 + 17*t**2 + 14*t + 39. What is the remainder when y(r) is divided by 15?
11
Let l = 35505 + -35500. Let v(m) = -60*m**3 + m**2 - m - 1. What is the remainder when v(-1) is divided by l?
1
Let x = -180 - -246. What is the remainder when x is divided by (-5 - (-4 - -5)) + 15?
3
Calculate the remainder when ((-52)/(-5))/(-16*10/(-5200)) is divided by 90.
68
Let s be 260/156 + (-62)/(-6). Let d = -26 + 37. What is the remainder when -3 - 47/(-2) - s/(-24) is divided by d?
10
Let h be (-1)/(2/(-10) - (1 - 1)). Suppose -h*d + 4*x + 48 = 0, -3*x + 69 = 5*d - 0*x. Let s = 40 + d. Calculate the remainder when s is divided by 18.
16
Let c = 265 - 255. Suppose c*v - 468 = 7*v. Calculate the remainder when v is divided by 32.
28
Let j(u) = -u**2 - 60*u - 95. What is the remainder when j(-18) is divided by 195?
76
Let y(j) = 198*j**3 - 5*j**2 + 2*j + 14. Calculate the remainder when y(2) is divided by 33.
31
Let i = -1073 + 1099. What is the remainder when 70 is divided by i?
18
Let x(q) = 19*q**2 - 1. Let d be x(1). Suppose d = -5*f + 188. Let j(y) = 29*y + 179. What is the remainder when f is divided by j(-6)?
4
Calculate the remainder when 443 is divided by -1 - (-226 + 5) - (-31 - -22).
214
Suppose 35 = p + 31. Let n(c) = 20*c - 77. Calculate the remainder when 3 is divided by n(p).
0
Let y(s) = s**2 + 10*s + 15. Let j be y(-5). Let t(p) = -p + 30. Let k(h) = -5*h - 18. Calculate the remainder when t(j) is divided by k(-8).
18
Calculate the remainder when 15543/18 - (-18)/(-36) is divided by 62.
57
Let c = 5903 + -5603. Calculate the remainder when c is divided by 31.
21
Suppose 0 = -q + 3*q + 3*h - 52, 3*q - 63 = 3*h. Let r be q/(-4) + (-7)/28. Calculate the remainder when 62 is divided by r/21 + 1/((-14)/(-242)).
11
Let k(j) = -168*j + 1374. Calculate the remainder when 7135 is divided by k(8).
25
Let p(h) = -h**3 + h**2 - 25*h + 35. Calculate the remainder when 3109 is divided by p(-5).
9
Let h = 1 + 4. Let d = -128 - -153. Calculate the remainder when ((-90)/d)/((-2)/10) is divided by h.
3
Let h be (93/4)/(4 - 68/16). Let f = h + 119. Calculate the remainder when 97 is divided by f.
19
Suppose 0 = -9*u + 7*u + 10. Suppose 2*i - 100 = u*y + 27, i = 5*y + 76. Let w(d) = 14*d**2 - 1. Calculate the remainder when i is divided by w(1).
12
Let l = -56 - -64. Suppose 64 = 5*c - 4*m, 4*c - 5*m = -c + 65. Calculate the remainder when c is divided by l + (2 - (7 + -6)).
3
Let j(l) = l + 35. Let r = 648 + -669. Let n(y) = -y**3 - 4*y**2 + 4*y + 5. What is the remainder when n(-6) is divided by j(r)?
11
Let o = -804 - -801. Suppose -3*p + 7*p = 804. What is the remainder when p is divided by (-27)/(-3) - -5 - o?
14
Suppose o = -5*f + 110 + 167, o + 209 = 4*f. What is the remainder when 24407 is divided by f?
53
Let j(x) = 4*x. Let m(s) = 67*s**3 - 5*s**2 - 134*s + 136. What is the remainder when m(1) is divided by j(9)?
28
Let p be 5/((-55)/(-108)) + 22/121. Let k = 173 - p. Calculate the remainder when k is divided by 55.
53
Suppose w - 13995 = -4*l - 4967, -l + 2274 = -4*w. Calculate the remainder when l is divided by 1127.
4
Suppose 3*b - 91 = -4*b. Let n(r) = 118*r + 5. Let d be n(1). Suppose -5*t + 99 = 2*m + 2*m, -5*t = -2*m - d. What is the remainder when t is divided by b?
10
Let f(l) = 21*l + 22. Let q = -496 - -496. What is the remainder when f(q) is divided by 13?
9
Suppose -18*z + 20*z - 148 = 0. Let d be ((-1)/2)/((-1)/z). Suppose 0 = 5*r + 17 - d. Calculate the remainder when 12 is divided by r.
0
Let n = 292 - 232. Suppose -50 + n = 2*v. Suppose 0 = -5*q + 20, -q = 3*m - 2*q - 14. What is the remainder when m is divided by v?
1
Let s = -796 + 956. Calculate the remainder when 468 is divided by s.
148
Suppose -3*x = -2*a - 391, -7*a - 403 = -3*x - 8*a. What is the remainder when 788 is divided by x?
123
Suppose -1124 = 6*v - 4766. Suppose -2*n + v = 3*b, 3*b - 5*b = 2*n - 608. What is the remainder when n is divided by 28?
25
Let i(y) = -2*y + 5*y**3 - y**2 - 4*y**3 + 5*y**3. Let s be i(2). Let v = s + -24. Calculate the remainder when 57 is divided by v.
9
Suppose -103*s + 5*g + 596 = -99*s, 3*g = -3*s + 393. Suppose 117 = 4*y - 75. What is the remainder when s is divided by y?
43
Suppose 498*h = -13693 + 98353. Calculate the remainder when h is divided by 99.
71
Let w = 14262 - 13914. Suppose -4*i + 38 = -198. Calculate the remainder when w is divided by i.
53
Let a(x) = -91*x - 177. What is the remainder when a(-9) is divided by 9?
3
Suppose 0 = 4*r, 4*r + 881 = 2*s - 883. Let h = -494 + s. What is the remainder when h is divided by 44?
36
What is the remainder when 156 is divided by (-6)/(2/(-21)*3) + (-1 - -4)?
12
What is the remainder when 119 is divided by (-11658)/1005*(-5)/2?
3
Let m be ((-7 + 27)/(-1))/2. What is the remainder when (1020/(-18))/m*3 is divided by 5?
2
Let w = -89 + 86. What is the remainder when 4*w/66 - (-2719)/11 is divided by 31?
30
Suppose -3*t = -6*t + 141. Suppose 611 = 28*b - 173. Calculate the remainder when t is divided by b.
19
Suppose 3*h - 1